{"id":60502,"date":"2025-03-24T15:42:19","date_gmt":"2025-03-24T14:42:19","guid":{"rendered":"https:\/\/lentraide.es\/?post_type=product&#038;p=60502"},"modified":"2026-03-01T12:51:28","modified_gmt":"2026-03-01T11:51:28","slug":"cotisation-annuelle","status":"publish","type":"product","link":"https:\/\/lentraide.es\/fr\/tienda\/cotisation-annuelle\/","title":{"rendered":"Cotisation Annuelle"},"content":{"rendered":"","protected":false},"excerpt":{"rendered":"<p>Merci d&rsquo;adh\u00e9rer \u00e0 l&rsquo;association pour permettre \u00e0 l&rsquo;Entraide d&rsquo;assurer ses missions aujourd&rsquo;hui et demain ! Votre talent, votre engagement, votre \u00e9nergie est ce qui permet \u00e0 l&rsquo;Entraide d&rsquo;exister.<\/p>\n<p>&nbsp;<\/p>\n<p>Informations sur l&rsquo;adh\u00e9sion : <a href=\"https:\/\/lentraide.es\/devenir-adherent\/\">https:\/\/lentraide.es\/devenir-adherent\/<\/a><\/p>\n<p>&nbsp;<\/p>\n<p>Deux types d&rsquo;adh\u00e9sion :<\/p>\n<ul>\n<li>Cotisation \u00abAmi.e\u00a0\u00bb \u00e0 50 euros.<\/li>\n<li>Cotisation \u00abBienfaiteur.trice\u00a0\u00bb \u00e0 100 euros.<\/li>\n<\/ul>\n<p>&nbsp;<\/p>\n<p><strong>Cotisation valable pour l&rsquo;ann\u00e9e civile 2026.<\/strong><\/p>\n<p>&nbsp;<\/p>\n","protected":false},"featured_media":60505,"template":"","meta":{"_acf_changed":false},"product_brand":[],"product_cat":[226],"product_tag":[],"class_list":{"0":"post-60502","1":"product","2":"type-product","3":"status-publish","4":"has-post-thumbnail","6":"product_cat-dons-cotisations","8":"first","9":"instock","10":"shipping-taxable","11":"purchasable","12":"product-type-variable","13":"has-default-attributes"},"acf":[],"yoast_head":"<!-- This site is optimized with the Yoast SEO plugin v27.3 - https:\/\/yoast.com\/product\/yoast-seo-wordpress\/ -->\n<title>Cotisation Annuelle | Entraide Fran\u00e7aise<\/title>\n<meta name=\"robots\" content=\"index, follow, max-snippet:-1, max-image-preview:large, max-video-preview:-1\" \/>\n<link rel=\"canonical\" href=\"https:\/\/lentraide.es\/fr\/tienda\/cotisation-annuelle\/\" \/>\n<meta property=\"og:locale\" content=\"fr_FR\" \/>\n<meta property=\"og:type\" content=\"article\" \/>\n<meta property=\"og:title\" content=\"Cotisation Annuelle | Entraide Fran\u00e7aise\" \/>\n<meta property=\"og:description\" content=\"Merci d&#039;adh\u00e9rer \u00e0 l&#039;association pour permettre \u00e0 l&#039;Entraide d&#039;assurer ses missions aujourd&#039;hui et demain ! Votre talent, votre engagement, votre \u00e9nergie est ce qui permet \u00e0 l&#039;Entraide d&#039;exister.  &nbsp;  Informations sur l&#039;adh\u00e9sion : https:\/\/lentraide.es\/devenir-adherent\/  &nbsp;  Deux types d&#039;adh\u00e9sion :   Cotisation &quot;Ami.e&quot; \u00e0 50 euros.  Cotisation &quot;Bienfaiteur.trice&quot; \u00e0 100 euros.  &nbsp;  Cotisation valable pour l&#039;ann\u00e9e civile 2026.  &nbsp;\" \/>\n<meta property=\"og:url\" content=\"https:\/\/lentraide.es\/fr\/tienda\/cotisation-annuelle\/\" \/>\n<meta property=\"og:site_name\" content=\"Entraide Fran\u00e7aise\" \/>\n<meta property=\"article:publisher\" content=\"https:\/\/www.facebook.com\/entraide.francaisemadrid\" \/>\n<meta property=\"article:modified_time\" content=\"2026-03-01T11:51:28+00:00\" \/>\n<meta property=\"og:image\" content=\"https:\/\/lentraide.es\/wp-content\/uploads\/2025\/03\/FICHE_PRODUIT_ENTRAIDE-4.jpg\" \/>\n\t<meta property=\"og:image:width\" content=\"550\" \/>\n\t<meta property=\"og:image:height\" content=\"550\" \/>\n\t<meta property=\"og:image:type\" content=\"image\/jpeg\" \/>\n<meta name=\"twitter:card\" content=\"summary_large_image\" \/>\n<meta name=\"twitter:label1\" content=\"Tiempo de lectura\" \/>\n\t<meta name=\"twitter:data1\" content=\"1 minute\" \/>\n<script type=\"application\/ld+json\" class=\"yoast-schema-graph\">{\"@context\":\"https:\\\/\\\/schema.org\",\"@graph\":[{\"@type\":\"WebPage\",\"@id\":\"https:\\\/\\\/lentraide.es\\\/fr\\\/tienda\\\/cotisation-annuelle\\\/\",\"url\":\"https:\\\/\\\/lentraide.es\\\/fr\\\/tienda\\\/cotisation-annuelle\\\/\",\"name\":\"Cotisation Annuelle | Entraide Fran\u00e7aise\",\"isPartOf\":{\"@id\":\"https:\\\/\\\/lentraide.es\\\/fr\\\/#website\"},\"primaryImageOfPage\":{\"@id\":\"https:\\\/\\\/lentraide.es\\\/fr\\\/tienda\\\/cotisation-annuelle\\\/#primaryimage\"},\"image\":{\"@id\":\"https:\\\/\\\/lentraide.es\\\/fr\\\/tienda\\\/cotisation-annuelle\\\/#primaryimage\"},\"thumbnailUrl\":\"https:\\\/\\\/lentraide.es\\\/wp-content\\\/uploads\\\/2025\\\/03\\\/FICHE_PRODUIT_ENTRAIDE-4.jpg\",\"datePublished\":\"2025-03-24T14:42:19+00:00\",\"dateModified\":\"2026-03-01T11:51:28+00:00\",\"breadcrumb\":{\"@id\":\"https:\\\/\\\/lentraide.es\\\/fr\\\/tienda\\\/cotisation-annuelle\\\/#breadcrumb\"},\"inLanguage\":\"es\",\"potentialAction\":[{\"@type\":\"ReadAction\",\"target\":[\"https:\\\/\\\/lentraide.es\\\/fr\\\/tienda\\\/cotisation-annuelle\\\/\"]}]},{\"@type\":\"ImageObject\",\"inLanguage\":\"es\",\"@id\":\"https:\\\/\\\/lentraide.es\\\/fr\\\/tienda\\\/cotisation-annuelle\\\/#primaryimage\",\"url\":\"https:\\\/\\\/lentraide.es\\\/wp-content\\\/uploads\\\/2025\\\/03\\\/FICHE_PRODUIT_ENTRAIDE-4.jpg\",\"contentUrl\":\"https:\\\/\\\/lentraide.es\\\/wp-content\\\/uploads\\\/2025\\\/03\\\/FICHE_PRODUIT_ENTRAIDE-4.jpg\",\"width\":550,\"height\":550},{\"@type\":\"BreadcrumbList\",\"@id\":\"https:\\\/\\\/lentraide.es\\\/fr\\\/tienda\\\/cotisation-annuelle\\\/#breadcrumb\",\"itemListElement\":[{\"@type\":\"ListItem\",\"position\":1,\"name\":\"Accueil\",\"item\":\"https:\\\/\\\/lentraide.es\\\/fr\\\/\"},{\"@type\":\"ListItem\",\"position\":2,\"name\":\"Boutique\",\"item\":\"https:\\\/\\\/lentraide.es\\\/fr\\\/boutique-new\\\/\"},{\"@type\":\"ListItem\",\"position\":3,\"name\":\"Cotisation Annuelle\"}]},{\"@type\":\"WebSite\",\"@id\":\"https:\\\/\\\/lentraide.es\\\/fr\\\/#website\",\"url\":\"https:\\\/\\\/lentraide.es\\\/fr\\\/\",\"name\":\"Entraide Fran\u00e7aise\",\"description\":\"Une main tendue vers la France\",\"publisher\":{\"@id\":\"https:\\\/\\\/lentraide.es\\\/fr\\\/#organization\"},\"alternateName\":\"L'entraide\",\"potentialAction\":[{\"@type\":\"SearchAction\",\"target\":{\"@type\":\"EntryPoint\",\"urlTemplate\":\"https:\\\/\\\/lentraide.es\\\/fr\\\/?s={search_term_string}\"},\"query-input\":{\"@type\":\"PropertyValueSpecification\",\"valueRequired\":true,\"valueName\":\"search_term_string\"}}],\"inLanguage\":\"es\"},{\"@type\":\"Organization\",\"@id\":\"https:\\\/\\\/lentraide.es\\\/fr\\\/#organization\",\"name\":\"Entraide Fran\u00e7aise\",\"alternateName\":\"L'entraide\",\"url\":\"https:\\\/\\\/lentraide.es\\\/fr\\\/\",\"logo\":{\"@type\":\"ImageObject\",\"inLanguage\":\"es\",\"@id\":\"https:\\\/\\\/lentraide.es\\\/fr\\\/#\\\/schema\\\/logo\\\/image\\\/\",\"url\":\"https:\\\/\\\/lentraide.es\\\/wp-content\\\/uploads\\\/2015\\\/07\\\/LOGO-azul2.png\",\"contentUrl\":\"https:\\\/\\\/lentraide.es\\\/wp-content\\\/uploads\\\/2015\\\/07\\\/LOGO-azul2.png\",\"width\":232,\"height\":146,\"caption\":\"Entraide Fran\u00e7aise\"},\"image\":{\"@id\":\"https:\\\/\\\/lentraide.es\\\/fr\\\/#\\\/schema\\\/logo\\\/image\\\/\"},\"sameAs\":[\"https:\\\/\\\/www.facebook.com\\\/entraide.francaisemadrid\",\"https:\\\/\\\/www.instagram.com\\\/entraidefrancaisemadrid\\\/\"]}]}<\/script>\n<!-- \/ Yoast SEO plugin. -->","yoast_head_json":{"title":"Cotisation Annuelle | Entraide Fran\u00e7aise","robots":{"index":"index","follow":"follow","max-snippet":"max-snippet:-1","max-image-preview":"max-image-preview:large","max-video-preview":"max-video-preview:-1"},"canonical":"https:\/\/lentraide.es\/fr\/tienda\/cotisation-annuelle\/","og_locale":"fr_FR","og_type":"article","og_title":"Cotisation Annuelle | Entraide Fran\u00e7aise","og_description":"Merci d'adh\u00e9rer \u00e0 l'association pour permettre \u00e0 l'Entraide d'assurer ses missions aujourd'hui et demain ! Votre talent, votre engagement, votre \u00e9nergie est ce qui permet \u00e0 l'Entraide d'exister.  &nbsp;  Informations sur l'adh\u00e9sion : https:\/\/lentraide.es\/devenir-adherent\/  &nbsp;  Deux types d'adh\u00e9sion :   Cotisation \"Ami.e\" \u00e0 50 euros.  Cotisation \"Bienfaiteur.trice\" \u00e0 100 euros.  &nbsp;  Cotisation valable pour l'ann\u00e9e civile 2026.  &nbsp;","og_url":"https:\/\/lentraide.es\/fr\/tienda\/cotisation-annuelle\/","og_site_name":"Entraide Fran\u00e7aise","article_publisher":"https:\/\/www.facebook.com\/entraide.francaisemadrid","article_modified_time":"2026-03-01T11:51:28+00:00","og_image":[{"width":550,"height":550,"url":"https:\/\/lentraide.es\/wp-content\/uploads\/2025\/03\/FICHE_PRODUIT_ENTRAIDE-4.jpg","type":"image\/jpeg"}],"twitter_card":"summary_large_image","twitter_misc":{"Tiempo de lectura":"1 minute"},"schema":{"@context":"https:\/\/schema.org","@graph":[{"@type":"WebPage","@id":"https:\/\/lentraide.es\/fr\/tienda\/cotisation-annuelle\/","url":"https:\/\/lentraide.es\/fr\/tienda\/cotisation-annuelle\/","name":"Cotisation Annuelle | Entraide Fran\u00e7aise","isPartOf":{"@id":"https:\/\/lentraide.es\/fr\/#website"},"primaryImageOfPage":{"@id":"https:\/\/lentraide.es\/fr\/tienda\/cotisation-annuelle\/#primaryimage"},"image":{"@id":"https:\/\/lentraide.es\/fr\/tienda\/cotisation-annuelle\/#primaryimage"},"thumbnailUrl":"https:\/\/lentraide.es\/wp-content\/uploads\/2025\/03\/FICHE_PRODUIT_ENTRAIDE-4.jpg","datePublished":"2025-03-24T14:42:19+00:00","dateModified":"2026-03-01T11:51:28+00:00","breadcrumb":{"@id":"https:\/\/lentraide.es\/fr\/tienda\/cotisation-annuelle\/#breadcrumb"},"inLanguage":"es","potentialAction":[{"@type":"ReadAction","target":["https:\/\/lentraide.es\/fr\/tienda\/cotisation-annuelle\/"]}]},{"@type":"ImageObject","inLanguage":"es","@id":"https:\/\/lentraide.es\/fr\/tienda\/cotisation-annuelle\/#primaryimage","url":"https:\/\/lentraide.es\/wp-content\/uploads\/2025\/03\/FICHE_PRODUIT_ENTRAIDE-4.jpg","contentUrl":"https:\/\/lentraide.es\/wp-content\/uploads\/2025\/03\/FICHE_PRODUIT_ENTRAIDE-4.jpg","width":550,"height":550},{"@type":"BreadcrumbList","@id":"https:\/\/lentraide.es\/fr\/tienda\/cotisation-annuelle\/#breadcrumb","itemListElement":[{"@type":"ListItem","position":1,"name":"Accueil","item":"https:\/\/lentraide.es\/fr\/"},{"@type":"ListItem","position":2,"name":"Boutique","item":"https:\/\/lentraide.es\/fr\/boutique-new\/"},{"@type":"ListItem","position":3,"name":"Cotisation Annuelle"}]},{"@type":"WebSite","@id":"https:\/\/lentraide.es\/fr\/#website","url":"https:\/\/lentraide.es\/fr\/","name":"Entraide Fran\u00e7aise","description":"Une main tendue vers la France","publisher":{"@id":"https:\/\/lentraide.es\/fr\/#organization"},"alternateName":"L'entraide","potentialAction":[{"@type":"SearchAction","target":{"@type":"EntryPoint","urlTemplate":"https:\/\/lentraide.es\/fr\/?s={search_term_string}"},"query-input":{"@type":"PropertyValueSpecification","valueRequired":true,"valueName":"search_term_string"}}],"inLanguage":"es"},{"@type":"Organization","@id":"https:\/\/lentraide.es\/fr\/#organization","name":"Entraide Fran\u00e7aise","alternateName":"L'entraide","url":"https:\/\/lentraide.es\/fr\/","logo":{"@type":"ImageObject","inLanguage":"es","@id":"https:\/\/lentraide.es\/fr\/#\/schema\/logo\/image\/","url":"https:\/\/lentraide.es\/wp-content\/uploads\/2015\/07\/LOGO-azul2.png","contentUrl":"https:\/\/lentraide.es\/wp-content\/uploads\/2015\/07\/LOGO-azul2.png","width":232,"height":146,"caption":"Entraide Fran\u00e7aise"},"image":{"@id":"https:\/\/lentraide.es\/fr\/#\/schema\/logo\/image\/"},"sameAs":["https:\/\/www.facebook.com\/entraide.francaisemadrid","https:\/\/www.instagram.com\/entraidefrancaisemadrid\/"]}]}},"_links":{"self":[{"href":"https:\/\/lentraide.es\/fr\/wp-json\/wp\/v2\/product\/60502","targetHints":{"allow":["GET"]}}],"collection":[{"href":"https:\/\/lentraide.es\/fr\/wp-json\/wp\/v2\/product"}],"about":[{"href":"https:\/\/lentraide.es\/fr\/wp-json\/wp\/v2\/types\/product"}],"wp:featuredmedia":[{"embeddable":true,"href":"https:\/\/lentraide.es\/fr\/wp-json\/wp\/v2\/media\/60505"}],"wp:attachment":[{"href":"https:\/\/lentraide.es\/fr\/wp-json\/wp\/v2\/media?parent=60502"}],"wp:term":[{"taxonomy":"product_brand","embeddable":true,"href":"https:\/\/lentraide.es\/fr\/wp-json\/wp\/v2\/product_brand?post=60502"},{"taxonomy":"product_cat","embeddable":true,"href":"https:\/\/lentraide.es\/fr\/wp-json\/wp\/v2\/product_cat?post=60502"},{"taxonomy":"product_tag","embeddable":true,"href":"https:\/\/lentraide.es\/fr\/wp-json\/wp\/v2\/product_tag?post=60502"}],"curies":[{"name":"wp","href":"https:\/\/api.w.org\/{rel}","templated":true}]}}

<p>Merci d&rsquo;adhérer à l&rsquo;association pour permettre à l&rsquo;Entraide d&rsquo;assurer ses missions aujourd&rsquo;hui et demain ! Votre talent, votre engagement, votre énergie est ce qui permet à l&rsquo;Entraide d&rsquo;exister.</p>
<p>&nbsp;</p>
<p>Informations sur l&rsquo;adhésion : <a href="https://lentraide.es/devenir-adherent/">https://lentraide.es/devenir-adherent/</a></p>
<p>&nbsp;</p>
<p>Deux types d&rsquo;adhésion :</p>
<ul>
<li>Cotisation «Ami.e » à 50 euros.</li>
<li>Cotisation «Bienfaiteur.trice » à 100 euros.</li>
</ul>
<p>&nbsp;</p>
<p><strong>Cotisation valable pour l&rsquo;année civile 2026.</strong></p>
<p>&nbsp;</p>

<!-- This site is optimized with the Yoast SEO plugin v27.3 - https://yoast.com/product/yoast-seo-wordpress/ -->
<title>Cotisation Annuelle | Entraide Française</title>
<meta name="robots" content="index, follow, max-snippet:-1, max-image-preview:large, max-video-preview:-1" />
<link rel="canonical" href="https://lentraide.es/fr/tienda/cotisation-annuelle/" />
<meta property="og:locale" content="fr_FR" />
<meta property="og:type" content="article" />
<meta property="og:title" content="Cotisation Annuelle | Entraide Française" />
<meta property="og:description" content="Merci d&#039;adhérer à l&#039;association pour permettre à l&#039;Entraide d&#039;assurer ses missions aujourd&#039;hui et demain ! Votre talent, votre engagement, votre énergie est ce qui permet à l&#039;Entraide d&#039;exister.  &nbsp;  Informations sur l&#039;adhésion : https://lentraide.es/devenir-adherent/  &nbsp;  Deux types d&#039;adhésion :   Cotisation &quot;Ami.e&quot; à 50 euros.  Cotisation &quot;Bienfaiteur.trice&quot; à 100 euros.  &nbsp;  Cotisation valable pour l&#039;année civile 2026.  &nbsp;" />
<meta property="og:url" content="https://lentraide.es/fr/tienda/cotisation-annuelle/" />
<meta property="og:site_name" content="Entraide Française" />
<meta property="article:publisher" content="https://www.facebook.com/entraide.francaisemadrid" />
<meta property="article:modified_time" content="2026-03-01T11:51:28+00:00" />
<meta property="og:image" content="https://lentraide.es/wp-content/uploads/2025/03/FICHE_PRODUIT_ENTRAIDE-4.jpg" />
	<meta property="og:image:width" content="550" />
	<meta property="og:image:height" content="550" />
	<meta property="og:image:type" content="image/jpeg" />
<meta name="twitter:card" content="summary_large_image" />
<meta name="twitter:label1" content="Tiempo de lectura" />
	<meta name="twitter:data1" content="1 minute" />
<script type="application/ld+json" class="yoast-schema-graph">{"@context":"https:\/\/schema.org","@graph":[{"@type":"WebPage","@id":"https:\/\/lentraide.es\/fr\/tienda\/cotisation-annuelle\/","url":"https:\/\/lentraide.es\/fr\/tienda\/cotisation-annuelle\/","name":"Cotisation Annuelle | Entraide Française","isPartOf":{"@id":"https:\/\/lentraide.es\/fr\/#website"},"primaryImageOfPage":{"@id":"https:\/\/lentraide.es\/fr\/tienda\/cotisation-annuelle\/#primaryimage"},"image":{"@id":"https:\/\/lentraide.es\/fr\/tienda\/cotisation-annuelle\/#primaryimage"},"thumbnailUrl":"https:\/\/lentraide.es\/wp-content\/uploads\/2025\/03\/FICHE_PRODUIT_ENTRAIDE-4.jpg","datePublished":"2025-03-24T14:42:19+00:00","dateModified":"2026-03-01T11:51:28+00:00","breadcrumb":{"@id":"https:\/\/lentraide.es\/fr\/tienda\/cotisation-annuelle\/#breadcrumb"},"inLanguage":"es","potentialAction":[{"@type":"ReadAction","target":["https:\/\/lentraide.es\/fr\/tienda\/cotisation-annuelle\/"]}]},{"@type":"ImageObject","inLanguage":"es","@id":"https:\/\/lentraide.es\/fr\/tienda\/cotisation-annuelle\/#primaryimage","url":"https:\/\/lentraide.es\/wp-content\/uploads\/2025\/03\/FICHE_PRODUIT_ENTRAIDE-4.jpg","contentUrl":"https:\/\/lentraide.es\/wp-content\/uploads\/2025\/03\/FICHE_PRODUIT_ENTRAIDE-4.jpg","width":550,"height":550},{"@type":"BreadcrumbList","@id":"https:\/\/lentraide.es\/fr\/tienda\/cotisation-annuelle\/#breadcrumb","itemListElement":[{"@type":"ListItem","position":1,"name":"Accueil","item":"https:\/\/lentraide.es\/fr\/"},{"@type":"ListItem","position":2,"name":"Boutique","item":"https:\/\/lentraide.es\/fr\/boutique-new\/"},{"@type":"ListItem","position":3,"name":"Cotisation Annuelle"}]},{"@type":"WebSite","@id":"https:\/\/lentraide.es\/fr\/#website","url":"https:\/\/lentraide.es\/fr\/","name":"Entraide Française","description":"Une main tendue vers la France","publisher":{"@id":"https:\/\/lentraide.es\/fr\/#organization"},"alternateName":"L'entraide","potentialAction":[{"@type":"SearchAction","target":{"@type":"EntryPoint","urlTemplate":"https:\/\/lentraide.es\/fr\/?s={search_term_string}"},"query-input":{"@type":"PropertyValueSpecification","valueRequired":true,"valueName":"search_term_string"}}],"inLanguage":"es"},{"@type":"Organization","@id":"https:\/\/lentraide.es\/fr\/#organization","name":"Entraide Française","alternateName":"L'entraide","url":"https:\/\/lentraide.es\/fr\/","logo":{"@type":"ImageObject","inLanguage":"es","@id":"https:\/\/lentraide.es\/fr\/#\/schema\/logo\/image\/","url":"https:\/\/lentraide.es\/wp-content\/uploads\/2015\/07\/LOGO-azul2.png","contentUrl":"https:\/\/lentraide.es\/wp-content\/uploads\/2015\/07\/LOGO-azul2.png","width":232,"height":146,"caption":"Entraide Française"},"image":{"@id":"https:\/\/lentraide.es\/fr\/#\/schema\/logo\/image\/"},"sameAs":["https:\/\/www.facebook.com\/entraide.francaisemadrid","https:\/\/www.instagram.com\/entraidefrancaisemadrid\/"]}]}</script>
<!-- / Yoast SEO plugin. -->

Cotisation Annuelle | Entraide Française

Merci d'adhérer à l'association pour permettre à l'Entraide d'assurer ses missions aujourd'hui et demain ! Votre talent, votre engagement, votre énergie est ce qui permet à l'Entraide d'exister.  &nbsp;  Informations sur l'adhésion : https://lentraide.es/devenir-adherent/  &nbsp;  Deux types d'adhésion :   Cotisation "Ami.e" à 50 euros.  Cotisation "Bienfaiteur.trice" à 100 euros.  &nbsp;  Cotisation valable pour l'année civile 2026.  &nbsp;

Entraide Française
